5 a prime number?
False
Is 6463 composite?
True
Is 9619 a prime number?
True
Is 2819 a prime number?
True
Is 126955 a prime number?
False
Is 20373 a composite number?
True
Is 205607 a prime number?
True
Is 7037 a prime number?
False
Is 44995 composite?
True
Is 59159 a prime number?
True
Is 848109 a prime number?
False
Is 651767 composite?
False
Is 2502907 a prime number?
False
Is 23399 prime?
True
Is 33287 a composite number?
False
Is 8997 a composite number?
True
Is 85469 composite?
False
Is 14173 a prime number?
True
Is 769 composite?
False
Is 115633 a composite number?
True
Is 56554 composite?
True
Is 486907 prime?
True
Is 62365 a prime number?
False
Is 3614813 a composite number?
False
Is 5349 a prime number?
False
Is 20561 composite?
True
Is 299989 a prime number?
False
Is 3827 composite?
True
Is 146449 prime?
True
Is 17011 composite?
False
Is 35729 composite?
False
Is 40402 prime?
False
Is 40253 a composite number?
False
Is 295378 a prime number?
False
Is 382693 a prime number?
True
Is 6823 a prime number?
True
Is 203465 a prime number?
False
Is 17039 a prime number?
False
Is 41033 composite?
True
Is 20249 a prime number?
True
Is 194581 a prime number?
True
Is 59219 a composite number?
False
Is 43037 composite?
False
Is 13045 a prime number?
False
Is 68041 composite?
False
Is 50047 prime?
True
Is 81751 a prime number?
False
Is 78491 a composite number?
True
Is 6931 prime?
False
Is 599527 prime?
False
Is 593029 a prime number?
True
Is 18923 composite?
True
Is 8285 a composite number?
True
Is 5897 composite?
False
Is 13957 a composite number?
True
Is 1115857 a prime number?
True
Is 1709 a composite number?
False
Is 2994923 composite?
False
Is 331603 a composite number?
False
Is 989 a composite number?
True
Is 13397 composite?
False
Is 26927 a composite number?
False
Is 87343 a composite number?
True
Is 288731 composite?
False
Is 2149 a composite number?
True
Is 7669 a prime number?
True
Is 1222307 a prime number?
True
Is 161 a prime number?
False
Is 30911 composite?
False
Is 130106 prime?
False
Is 2155129 prime?
True
Is 1242231 a prime number?
False
Is 174299 composite?
False
Is 301013 prime?
True
Is 95539 a prime number?
True
Is 97205 composite?
True
Is 602891 prime?
True
Is 76721 a composite number?
True
Is 35803 prime?
True
Is 3215741 prime?
True
Is 6159 a composite number?
True
Is 787 a prime number?
True
Is 5773 prime?
False
Is 4327 a prime number?
True
Is 125539 composite?
False
Is 119591 prime?
True
Is 3341 a composite number?
True
Is 16649 a composite number?
False
Is 3181 composite?
False
Is 165037 composite?
False
Is 123701 a prime number?
True
Is 721 a composite number?
True
Is 436027 a prime number?
True
Is 23251 a composite number?
False
Is 60157 a prime number?
False
Is 33595 a composite number?
True
Is 279779 composite?
False
Is 1049866 prime?
False
Is 394943 a prime number?
True
Is 407609 a composite number?
True
Is 34909 a prime number?
False
Is 1741151 prime?
True
Is 115671 prime?
False
Is 408623 prime?
True
Is 8981 prime?
False
Is 784081 composite?
False
Is 4357 prime?
True
Is 35491 a composite number?
False
Is 907 a prime number?
True
Is 993791 a prime number?
False
Is 2059921 composite?
False
Is 26981 a prime number?
True
Is 1000639 a composite number?
False
Is 97021 composite?
False
Is 87583 a composite number?
False
Is 160477 a composite number?
True
Is 2177 prime?
False
Is 217357 a composite number?
True
Is 979 a composite number?
True
Is 153535 prime?
False
Is 790663 composite?
True
Is 64723 a prime number?
False
Is 13217 a prime number?
True
Is 420293 a composite number?
False
Is 87254 prime?
False
Is 3383 composite?
True
Is 7433 a composite number?
False
Is 2437 a composite number?
False
Is 8497 composite?
True
Is 245501 prime?
True
Is 655439 prime?
True
Is 2039 composite?
False
Is 28127 prime?
False
Is 134 composite?
True
Is 900169 a prime number?
True
Is 54415 composite?
True
Is 2903 a composite number?
False
Is 132661 prime?
True
Is 157721 a composite number?
False
Is 58649 a prime number?
False
Is 815123 a prime number?
True
Is 3787 prime?
False
Is 972611 a composite number?
False
Is 86639 composite?
True
Is 35691 composite?
True
Is 17543 a composite number?
True
Is 9077 composite?
True
Is 7069 composite?
False
Is 16543 prime?
False
Is 63241 a composite number?
False
Is 930821 prime?
False
Is 909089 a composite number?
False
Is 29081 composite?
True
Is 65 a composite number?
True
Is 14437 a prime number?
True
Is 153865 prime?
False
Is 6119 composite?
True
Is 8889 prime?
False
Is 136141 prime?
False
Is 6121 prime?
True
Is 889 composite?
True
Is 223 a prime number?
True
Is 22405 a prime number?
False
Is 363781 a prime number?
False
Is 286799 prime?
False
Is 2149 a prime number?
False
Is 15926 prime?
False
Is 75903 composite?
True
Is 1054517 a prime number?
True
Is 20627 composite?
False
Is 1285411 a composite number?
False
Is 15937 composite?
False
Is 10841 a composite number?
True
Is 1538795 prime?
False
Is 344849 a composite number?
True
Is 6109 a composite number?
True
Is 1254403 a composite number?
True
Is 64553 a prime number?
True
Is 36629 a prime number?
True
Is 46747 prime?
True
Is 10799 prime?
True
Is 35353 a composite number?
False
Is 36221 prime?
False
Is 32313 a composite number?
True
Is 1020829 composite?
True
Is 679979 a prime number?
False
Is 38011 prime?
True
Is 769159 prime?
True
Is 189817 prime?
True
Is 1279639 a composite number?
True
Is 12133 prime?
False
Is 1901 a composite number?
False
Is 299179 a prime number?
True
Is 45437 composite?
True
Is 202519 composite?
False
Is 223 a prime number?
True
Is 1973 a prime number?
True
Is 377459 composite?
False
Is 177007 a prime number?
True
Is 140813 a prime number?
True
Is 12147 a prime number?
False
Is 81509 a prime number?
True
Is 36827 prime?
False
Is 33037 composite?
False
Is 1342853 prime?
False
Is 6973 a composite number?
True
Is 208861 a composite number?
True
Is 161717 a prime number?
True
Is 785903 composite?
False
Is 26591 a composite number?
False
Is 214841 composite?
True
Is 19535 prime?
False
Is 28673 prime?
False
Is 680263 composite?
False
Is 10367 prime?
False
Is 174757 composite?
True
Is 3587 a composite number?
True
Is 38463 a composite number?
True
Is 173353 a composite number?
True
Is 148913 a prime number?
True
Is 3294185 composite?
True
Is 1733 a composite number?
False
Is 634115 prime?
False
Is 5021 a prime number?
True
Is 355241 prime?
False
Is 35539 a prime number?
False
Is 18077 a composite number?
False
Is 124897 composite?
False
Is 28807 a composite number?
False
Is 26583 composite?
True
Is 266801 a prime number?
True
Is 955 composite?
True
Is 339631 a composite number?
False
Is 5893 prime?
False
Is 13042 a composite number?
True
Is 30467 a prime number?
True
Is 90905 a composite number?
True
Is 4637 a prime number?
True
Is 44827 composite?
True
Is 493919 prime?
True
Is 16649 prime?
True
Is 13931 a composite number?
False
Is 25613 a prime number?
False
Is 5079 a composite number?
True
Is 186365 prime?
False
Is 232259 prime?
True
Is 2321 a prime number?
False
Is 3641 prime?
False
Is 818069 a composite number?
True
Is 97021 a prime number?
True
Is 9923 a prime number?
True
Is 7829 prime?
True
Is 47221 prime?
True
Is 273583 composite?
True
Is 167806 a composite number?
True
Is 21991 a prime number?
True
Is 1117821 a composite number?
True
Is 207377 a composite number?
False
Is 892922 a prime number?
False
Is 774961 prime?
False
Is 5213 prime?
False
Is 7897 a composite number?
True
Is 32933 prime?
True
Is 42323 prime?
True
Is 757019 a prime number?
True
Is 34183 a composite number?
False
Is 237467 composite?
False
Is 5195713 composite?
True
Is 557 a composite number?
False
Is 2521 a prime number?
True
Is 107761 prime?
True
Is 776255 a prime number?
False
Is 887 a prime number?
True
Is 3586571 composite?
False
Is 24133 a composite number?
False
Is 116785 composite?
True
Is 36731 a prime number?
False
Is 14131 a prime number?
False
Is 236827 prime?
False
Is 140111 a prime number?
True
Is 573 prime?
False
Is 152597 prime?
True
Is 206717 prime?
False
Is 36965 a composite number?
True
Is 1096903 prime?
False
Is 31853 composite?
True
Is 8347 a composite number?
True
Is 435817 prime?
True
Is 2308637 prime?
True
Is 91753 a compo